{"id":7,"date":"2014-10-25T17:12:50","date_gmt":"2014-10-25T17:12:50","guid":{"rendered":"http:\/\/test.hydroram.se\/?page_id=7"},"modified":"2015-11-05T10:29:58","modified_gmt":"2015-11-05T10:29:58","slug":"hydroram-konsultation-och-berakningar-angaende-hydrauliskt-stationara-och-transienta-forlopp-i-rorsystem","status":"publish","type":"page","link":"https:\/\/www.hydroram.se\/","title":{"rendered":""},"content":{"rendered":"<p><i>Vi erbjuder konsultation och ber\u00e4kningar ang\u00e5ende hydrauliskt station\u00e4ra och transienta (tryckslag) f\u00f6rlopp i r\u00f6rsystem.<br \/>\nV\u00e5rat arbetsomr\u00e5de \u00e4r fr\u00e4mst inom fj\u00e4rrv\u00e4rme, fj\u00e4rrkyla, pumpning av rent- eller avlopsvatten samt liknande system.<\/i><\/p>\n<p><a href=\"http:\/\/www.hydroram.se\/wp-content\/uploads\/2014\/10\/trip3.gif\"><img loading=\"lazy\" decoding=\"async\" class=\"alignnone size-full wp-image-114\" src=\"http:\/\/www.hydroram.se\/wp-content\/uploads\/2014\/10\/trip3.gif\" alt=\"trip3\" width=\"733\" height=\"527\" \/><\/a><em>Ett exempel p\u00e5 vad vi g\u00f6r: Pumpstopp i ett 1000 MW transiteringssystem.<\/em><\/p>\n<p>Programmet som gjort simuleringen ovan, PFC\/Xram, \u00e4r v\u00e5rt eget. Mer \u00e4n h\u00e4lften av all fj\u00e4rrv\u00e4rme i Sverige har simulerats av oss.\u00a0Programmet kan simulera tryckslag i komplicerade system med tusentals komponenter.<\/p>\n<h5>Vi utf\u00f6r \u00e4ven simuleringar av andra typer av system:<\/h5>\n<h6>Avlopp<\/h6>\n<p><a href=\"http:\/\/www.hydroram.se\/wp-content\/uploads\/2014\/11\/avlopp.gif\"><img loading=\"lazy\" decoding=\"async\" class=\"alignnone size-full wp-image-44\" src=\"http:\/\/www.hydroram.se\/wp-content\/uploads\/2014\/11\/avlopp.gif\" alt=\"Pumptripp i avlopp\" width=\"819\" height=\"524\" \/><\/a><\/p>\n<h6>\u00a0Gruvor<a href=\"http:\/\/www.hydroram.se\/wp-content\/uploads\/2014\/10\/pumptrip-in-mine-water.gif\"><img loading=\"lazy\" decoding=\"async\" class=\"alignnone size-full wp-image-26\" src=\"http:\/\/www.hydroram.se\/wp-content\/uploads\/2014\/10\/pumptrip-in-mine-water.gif\" alt=\"pumptrip in mine water\" width=\"739\" height=\"542\" \/><\/a><\/h6>\n<h6>Vattenintag<\/h6>\n<p><a href=\"http:\/\/www.hydroram.se\/wp-content\/uploads\/2014\/10\/pumptrip_seawater.gif\"><img loading=\"lazy\" decoding=\"async\" class=\"alignnone size-full wp-image-21\" src=\"http:\/\/www.hydroram.se\/wp-content\/uploads\/2014\/10\/pumptrip_seawater.gif\" alt=\"pumptrip_seawater\" width=\"736\" height=\"525\" \/><\/a><\/p>\n<h6>Petroleum-pumpning<\/h6>\n<h6><a href=\"http:\/\/www.hydroram.se\/wp-content\/uploads\/2014\/10\/Ny1p10_10.gif\"><img loading=\"lazy\" decoding=\"async\" class=\"alignnone size-full wp-image-129\" src=\"http:\/\/www.hydroram.se\/wp-content\/uploads\/2014\/10\/Ny1p10_10.gif\" alt=\"Ny1p10_10\" width=\"729\" height=\"500\" \/><\/a><\/h6>\n<h6>Systemanalys<\/h6>\n<h6><\/h6>\n<p>Exempel f\u00f6r nedladdnng:\u00a0<a href=\"http:\/\/www.hydroram.se\/wp-content\/uploads\/2014\/10\/Dygnssimulering.pdf\"  download>Dygnssimulering<\/a><\/p>\n<p>&nbsp;<\/p>\n","protected":false},"excerpt":{"rendered":"<p>Vi erbjuder konsultation och ber\u00e4kningar ang\u00e5ende hydrauliskt station\u00e4ra och transienta (tryckslag) f\u00f6rlopp i r\u00f6rsystem. V\u00e5rat arbetsomr\u00e5de \u00e4r fr\u00e4mst inom fj\u00e4rrv\u00e4rme, fj\u00e4rrkyla, pumpning av rent- eller avlopsvatten samt liknande system. Ett exempel p\u00e5 vad vi g\u00f6r: Pumpstopp i ett 1000 MW transiteringssystem. Programmet som gjort simuleringen ovan, PFC\/Xram, \u00e4r v\u00e5rt eget. Mer \u00e4n h\u00e4lften av all &hellip; <a href=\"https:\/\/www.hydroram.se\/\" class=\"more-link\">Continue reading <span class=\"screen-reader-text\"><\/span> <span class=\"meta-nav\">&rarr;<\/span><\/a><\/p>\n","protected":false},"author":1,"featured_media":0,"parent":0,"menu_order":0,"comment_status":"closed","ping_status":"closed","template":"page-templates\/full-width.php","meta":{"footnotes":""},"class_list":["post-7","page","type-page","status-publish","hentry"],"_links":{"self":[{"href":"https:\/\/www.hydroram.se\/index.php?rest_route=\/wp\/v2\/pages\/7","targetHints":{"allow":["GET"]}}],"collection":[{"href":"https:\/\/www.hydroram.se\/index.php?rest_route=\/wp\/v2\/pages"}],"about":[{"href":"https:\/\/www.hydroram.se\/index.php?rest_route=\/wp\/v2\/types\/page"}],"author":[{"embeddable":true,"href":"https:\/\/www.hydroram.se\/index.php?rest_route=\/wp\/v2\/users\/1"}],"replies":[{"embeddable":true,"href":"https:\/\/www.hydroram.se\/index.php?rest_route=%2Fwp%2Fv2%2Fcomments&post=7"}],"version-history":[{"count":21,"href":"https:\/\/www.hydroram.se\/index.php?rest_route=\/wp\/v2\/pages\/7\/revisions"}],"predecessor-version":[{"id":136,"href":"https:\/\/www.hydroram.se\/index.php?rest_route=\/wp\/v2\/pages\/7\/revisions\/136"}],"wp:attachment":[{"href":"https:\/\/www.hydroram.se\/index.php?rest_route=%2Fwp%2Fv2%2Fmedia&parent=7"}],"curies":[{"name":"wp","href":"https:\/\/api.w.org\/{rel}","templated":true}]}}